ors of 532224?
2, 3, 7, 11
What are the prime factors of 10964332?
2, 2741083
What are the prime factors of 9665880?
2, 3, 5, 7, 37, 311
List the prime factors of 19884283.
853, 23311
List the prime factors of 17895695.
5, 3579139
What are the prime factors of 936925?
5, 11, 3407
List the prime factors of 1924244.
2, 7, 19, 3617
What are the prime factors of 1355601?
3, 13, 34759
What are the prime factors of 1301792?
2, 17, 2393
What are the prime factors of 20139510?
2, 3, 5, 601, 1117
What are the prime factors of 7594854?
2, 3, 127, 9967
List the prime factors of 1603303.
13, 53, 179
List the prime factors of 689446.
2, 29, 11887
What are the prime factors of 2207268?
2, 3, 7, 19, 461
What are the prime factors of 14841542?
2, 107, 223, 311
List the prime factors of 1724642.
2, 89, 9689
What are the prime factors of 397311?
3, 132437
What are the prime factors of 937414?
2, 17, 79, 349
List the prime factors of 6620686.
2, 1181, 2803
What are the prime factors of 1169603?
1169603
What are the prime factors of 857394?
2, 3, 19, 23, 109
What are the prime factors of 13509679?
17, 29, 67, 409
List the prime factors of 309343.
29, 10667
What are the prime factors of 7996730?
2, 5, 7, 71, 1609
What are the prime factors of 382542?
2, 3, 103, 619
What are the prime factors of 11010307?
7, 11, 23, 6217
What are the prime factors of 11314439?
11314439
List the prime factors of 271082.
2, 7, 17, 67
What are the prime factors of 412161?
3, 137387
What are the prime factors of 765465?
3, 5, 51031
What are the prime factors of 417413?
251, 1663
What are the prime factors of 587942?
2, 73, 4027
What are the prime factors of 377423?
59, 6397
List the prime factors of 495376.
2, 7, 4423
List the prime factors of 16965568.
2, 59, 4493
What are the prime factors of 107760?
2, 3, 5, 449
What are the prime factors of 423118?
2, 211559
What are the prime factors of 83386?
2, 173, 241
List the prime factors of 1012664.
2, 126583
What are the prime factors of 37662554?
2, 821, 22937
What are the prime factors of 5996928?
2, 3, 7, 23, 97
What are the prime factors of 213227?
7, 83, 367
What are the prime factors of 1400726?
2, 700363
List the prime factors of 4792431.
3, 7, 228211
What are the prime factors of 5140751?
7, 11, 66763
What are the prime factors of 5799271?
1741, 3331
What are the prime factors of 445866?
2, 3, 74311
What are the prime factors of 1776102?
2, 3, 296017
What are the prime factors of 744850?
2, 5, 14897
List the prime factors of 4358496.
2, 3, 83, 547
What are the prime factors of 120682?
2, 83, 727
What are the prime factors of 303243?
3, 101081
What are the prime factors of 37694033?
13, 23, 126067
List the prime factors of 8909843.
61, 146063
What are the prime factors of 16579063?
17, 57367
List the prime factors of 288978.
2, 3, 48163
List the prime factors of 29056.
2, 227
What are the prime factors of 699282?
2, 3, 53, 733
What are the prime factors of 8073768?
2, 3, 67, 5021
List the prime factors of 160557.
3, 109, 491
What are the prime factors of 2669200?
2, 5, 6673
What are the prime factors of 158076?
2, 3, 4391
What are the prime factors of 2427475?
5, 89, 1091
What are the prime factors of 6070749?
3, 797, 2539
What are the prime factors of 934604?
2, 11, 1931
What are the prime factors of 278870?
2, 5, 79, 353
List the prime factors of 1605231.
3, 59453
List the prime factors of 992832.
2, 3, 5171
List the prime factors of 1813651.
7, 109, 2377
List the prime factors of 1385015.
5, 277003
List the prime factors of 14514611.
14514611
List the prime factors of 29917071.
3, 59, 103, 547
List the prime factors of 6655831.
7, 13, 73141
What are the prime factors of 183154?
2, 91577
List the prime factors of 1098184.
2, 137273
List the prime factors of 106215.
3, 5, 73, 97
List the prime factors of 714813.
3, 11, 21661
What are the prime factors of 16838656?
2, 4111
What are the prime factors of 24232?
2, 13, 233
List the prime factors of 3317103.
3, 67, 5501
List the prime factors of 1136437.
173, 6569
List the prime factors of 12578406.
2, 3, 2096401
What are the prime factors of 1099298?
2, 549649
List the prime factors of 832698.
2, 3, 46261
List the prime factors of 243999.
3, 7, 1291
What are the prime factors of 404049?
3, 134683
What are the prime factors of 4259011?
307, 13873
List the prime factors of 13659705.
3, 5, 101183
List the prime factors of 2753267.
11, 229, 1093
List the prime factors of 43876.
2, 7, 1567
List the prime factors of 299920.
2, 5, 23, 163
List the prime factors of 112041.
3, 59, 211
What are the prime factors of 889502?
2, 23, 61, 317
What are the prime factors of 259351?
167, 1553
List the prime factors of 1416189.
3, 472063
What are the prime factors of 10293965?
5, 11, 187163
List the prime factors of 248349.
3, 19, 4357
List the prime factors of 9275989.
9275989
What are the prime factors of 448189?
7, 43, 1489
What are the prime factors of 13351152?
2, 3, 278149
What are the prime factors of 3578187?
3, 71, 107, 157
What are the prime factors of 1013786?
2, 506893
List the prime factors of 13843999.
13, 23, 46301
List the prime factors of 1157743.
479, 2417
List the prime factors of 302277.
3, 17, 5927
List the prime factors of 185795.
5, 37159
List the prime factors of 615577.
615577
List the prime factors of 671240.
2, 5, 97, 173
List the prime factors of 27665262.
2, 3, 1536959
What are the prime factors of 404782?
2, 7, 29, 997
What are the prime factors of 41948?
2, 10487
List the prime factors of 3121250.
2, 5, 11, 227
List the prime factors of 420910.
2, 5, 7, 859
List the prime factors of 1011290.
2, 5, 7, 14447
What are the prime factors of 840147?
3, 7, 11, 3637
List the prime factors of 209754.
2, 3, 43, 271
List the prime factors of 31126117.
11, 223, 12689
List the prime factors of 812063.
7, 116009
What are the prime factors of 17428381?
149, 116969
What are the prime factors of 356957?
491, 727
What are the prime factors of 9582?
2, 3, 1597
What are the prime factors of 103247?
23, 67
List the prime factors of 2967553.
19, 313, 499
List the prime factors of 207974.
2, 13, 19, 421
List the prime factors of 6448416.
2, 3, 13, 5167
What are the prime factors of 31069168?
2, 13, 149371
List the prime factors of 144132.
2, 3, 12011
List the prime factors of 5684306.
2, 19, 7873
List the prime factors of 27966791.
27966791
List the prime factors of 79851.
3, 43, 619
List the prime factors of 7910186.
2, 643, 6151
List the prime factors of 278438.
2, 23, 6053
What are the prime factors of 607619?
607619
What are the prime factors of 15172349?
197, 77017
What are the prime factors of 675341?
675341
List the prime factors of 218753.
23, 9511
What are the prime factors of 265373?
19, 13967
What are the prime factors of 196169?
196169
What are the prime factors of 17594210?
2, 5, 857, 2053
List the prime factors of 1871538.
2, 3, 19, 16417
What are the prime factors of 146226?
2, 3, 24371
What are the prime factors of 976594?
2, 73, 6689
What are the prime factors of 1001783?
1001783
List the prime factors of 58413.
3, 19471
What are the prime factors of 34912353?
3, 7, 439, 541
List the prime factors of 363287.
433, 839
List the prime factors of 348858.
2, 3, 19381
What are the prime factors of 106868?
2, 26717
What are the prime factors of 9303557?
1153, 8069
List the prime factors of 36607.
36607
List the prime factors of 27762152.
2, 11, 389, 811
What are the prime factors of 939382?
2, 469691
List the prime factors of 533508.
2, 3, 23, 1933
What are the prime factors of 5630621?
17, 331213
List the prime factors of 370558.
2, 41, 4519
What are the prime factors of 970841?
131, 7411
What are the prime factors of 5235696?
2, 3, 103, 353
List the prime factors of 833051.
17, 49003
List the prime factors of 12636380.
2, 5, 631819
List the prime factors of 760094.
2, 380047
What are the prime factors of 349384?
2, 7, 17, 367
List the prime factors of 1131694.
2, 379, 1493
List the prime factors of 34874329.
7, 19, 47, 797
List the prime factors of 229443.
3, 76481
List the prime factors of 1298573.
1298573
What are the prime factors of 289306?
2, 17, 67, 127
List the prime factors of 367125.
3, 5, 11, 89
List the prime factors of 158251.
19, 8329
What are the prime factors of 19